uate (-54 - -25) + 28 - (-4 + (3 - 1 - 5)).
6
Calculate (-42 + 34 - (4 - 5 - -8 - 34)) + -1.
18
-218 + 226 - (-1 - 1) - -15
25
2 + -1 + (183 - 183 - (-30 + 1))
30
Evaluate -496 - -414 - (1 + (-7 - -1) + -2 + 18).
-93
Evaluate -47 + (104 - 0) - (-39 - 0).
96
-71 - ((-16 - -5) + 4 + 15)
-79
-6 + (14 + 57 - 4) + -11 + -3 + 3
50
What is the value of -79 - (-107 - (-8 - -1))?
21
Evaluate 91 + -78 + (7 - 0) + -14 - (88 + -2).
-80
(-15 - 10) + 62 + -3 + -8
26
What is the value of 101 + -186 + 86 + (-16 - 1)?
-16
-13 + 46 + (7 - 1) + -426 + 412
25
Evaluate -45 + 1 + -2378 + 2496.
74
Evaluate (-1276 + 1277 - (34 - 0)) + -34.
-67
What is the value of 11 - (30 + -7 + 13 + -1)?
-24
What is the value of -4 - (33 - (70 - (26 + -5)))?
12
What is 10 + (30 - (33 - 12)) - 2?
17
Evaluate 1 + ((0 - -18) + (-29 + -25 - -47) - -32).
44
Calculate -11 + (-11 - -3) + (22 + -6 - -47).
44
What is 3 + 14 - 13 - 13 - ((4 - 3) + 17)?
-27
Calculate (16 - (4 - 2) - -15) + -2 + 3 + 6.
36
What is -83 + (-12 + 49 - 29 - -24)?
-51
(-11 - (40 + 3)) + 6 + (22 - 25)
-51
What is 0 + -11 + -57 + 53 - -43?
28
-3841 + 3653 + -2 + 112
-78
What is 31 + 0 + (20 - 10) + -34 + 29?
36
Evaluate 4 - ((42 - 29) + (4 - -27)).
-40
What is (-157 - -172) + 11 + -6 + 26?
46
0 + (41 - 78) - (9 - 134)
88
What is the value of (9 - -70 - -24) + (-52 - -83)?
134
Calculate (-129 - -62 - -76) + (0 - 56).
-47
Evaluate 38 + (-29 + -7 - (-9 - 96)).
107
What is (-2 - -36) + (-712 - -764) - (-1 + (3 - -1))?
83
What is (8 - -3) + -45 - 6 - (-12 + 3)?
-31
What is the value of 5 + 0 + 49 + (-27 - -14) + 20?
61
What is the value of 98 + (12 - 120) - (-3 + -105)?
98
Evaluate (-2 - 0) + -72 + -1470 + 1464 + -16.
-96
What is the value of -110 - (-19 - (-21 - (9 + -23))) - -15?
-83
Calculate -1 + 26 - (1798 + -1729).
-44
What is the value of (183 - 317) + 179 + 7?
52
What is 38 - (8 - -28) - (-3 + (-1 - -9))?
-3
What is (-50 - 1) + (-8 - (-6 - (12 + -22 + 23)))?
-40
-1 + -4 + 17 + 56 + -125 + 75
18
What is the value of -5 + -10 + -44 + 2 + (22 - 12)?
-47
Calculate (-188 + 184 + (2 - 10) - -24) + -55.
-43
Evaluate (86 + -196 - -72) + -83.
-121
Calculate (-38 - (-19 - -13)) + 11.
-21
What is the value of 3 + 5 - ((10 - -4) + 22)?
-28
Evaluate -5 - (-9 + 32 + -15 + 3 + -44).
28
(-8 - -2) + (5 + -2 - 9) - -76
64
(1 - (5 + (-3 - 15))) + -13
1
Evaluate (28 - -19 - 26 - (21 + 4)) + (-5 - -1).
-8
Evaluate (-4 + 0 - -12) + 3 + -1 + -1 + 4.
13
Calculate 31 + (11 - (28 + -5 + -20)).
39
What is the value of (8 - (72 + (-17 - 3))) + -1 + 8?
-37
Calculate (1 - ((36 - 46) + 3 + 2)) + 3 + 1.
10
What is (-49 - -44) + -8 + -4 + 3 + -2 + 9?
-7
Evaluate 7 + 5 + -5 + -2 + 36 + 24.
65
What is the value of -9 + (-4 - -4 - (3 + -65 - 12))?
65
Calculate 103 - 52 - 3 - 19.
29
What is the value of -171 - (-10 - (64 - -48))?
-49
What is the value of 36 + -51 + (-32 - -85)?
38
Calculate (-20 - -4 - -16) + 9 + -8.
1
Evaluate (-17 - (-41 - -38)) + (0 - (-4 - 43)).
33
What is (-78 + 147 - 54) + (0 - -4) - -70?
89
Evaluate 5 + (-51 + (-13 - -20) + 13 - -5).
-21
What is -18 + (-16 + 17 - 4 - -7 - 8)?
-22
What is (1 - 8) + (-2 - (-4 + -6 + 0) - 44)?
-43
What is the value of 5 - (-7 - (-5 + 8 - 9 - 1) - -1)?
4
What is (9 - (45 + -11)) + 13 - (-50 - 2)?
40
What is (45 - 54) + -3 + -14 + 9?
-17
Calculate 35 + 0 - (241 - (434 - 168)).
60
What is the value of (6 - (-3 - (-11 + 1 + 5))) + -84 + 70?
-10
What is the value of -17 + 24 + 20 + -3?
24
What is -7 + (-14 - (-5 - -7 - 3)) + (-16 - -17)?
-19
What is (-2 + 1 - -18) + (20 - -11 - 33 - -3)?
18
What is the value of (-22 - (11 + -21)) + -18 + 11 - -13?
-6
What is 11 - (((12 - 2) + -1 - (318 - 295)) + 156)?
-131
What is (-4 - (1 + (-1 - 1))) + -551 + 505?
-49
What is 115 + (-147 - 119 - -89)?
-62
Calculate 69 - (-85 + -30) - 64.
120
Calculate (19 - 1) + 24 + (167 + -75 - 34).
100
What is 10 + 1 + (104 - ((2 - 2) + (-67 - -80)))?
102
Calculate -4 - (-96 + 94 + (-54 + 2 - 1)).
51
Calculate (4 + -19 - (-56 + 52)) + (-13 - 6).
-30
What is (1 - -9) + (-2 - (-1 - -1) - (-78 - -94))?
-8
Calculate (-281 - -279) + (0 - (2 - 56 - -1)).
51
Calculate -8714 + 8781 + -1 + -94.
-28
What is the value of -36 - (-33 - -3) - ((40 + 1 - 4) + -2)?
-41
Evaluate (-103 - -96) + (-16 - 2) - -12 - -9.
-4
-13 + 10 + 84 - (12 - 15 - 5)
89
What is 49 + 1 - (-308 - -323 - (6 + 1))?
42
What is the value of 5 + (-1 - (1 + -17) - (-782 - -891))?
-89
(39 - -25) + -47 + -111 + 2 + (-11 - 0)
-103
What is the value of (26 - -12) + 10 - 88?
-40
Calculate (-36 - -43) + (-10 - 14 - -4).
-13
Calculate -60 - ((19 - -6) + 90 + -110).
-65
Calculate -455 - -431 - (6 - 15) - -90.
75
-91 - (-40 + 52 + 0 + 0 + (37 - 54))
-86
Evaluate (-9 - -25) + -24 + -7 - (-7 - -2).
-10
What is the value of 52 + (6840 + -6831 - (-15 + 1 - 0))?
75
What is -224 + 144 + 85 - 121?
-116
Calculate -1 + (-10 - (-59 + -6 + 7 + 10)).
37
Evaluate (124 - 4) + -5 + (-719 - -706).
102
What is the value of 128 + -15 + 4 + -21 + 16 + 5?
117
Calculate -10 + -1 + 50 + -42 + -115.
-118
-12 + 44 + -1 - (-18 - -27)
22
624 + -621 + -4 + 2 + 35
36
What is the value of -3 - ((-33 - (17 + -43)) + -12)?
16
(-1 - (0 + 4)) + (-3 - -8 - (5 - -3))
-8
Calculate 12 - 53 - -21 - -18 - 70.
-72
What is the value of -4 - (2 + -1) - (-29 + -72 + 102) - 24?
-30
3 + -7 + 3 + (34 - 15) - 48
-30
Evaluate -5 + 2 + (29 - (104 + -55)).
-23
What is (15 - (67 - (-5 + 4))) + (-12 - -9) + -12?
-68
Calculate 2 + 5 - (-43 + 30 - -13) - (0 + -30).
37
30 + -28 - 7 - ((-5 - 0) + 3)
-3
-23 + 27 + (0 - -2) + (-44 - -41)
3
13 + 3 + 7 + (-11 - -25)
37
Calculate (16 - 1) + (-22538 - -22399).
-124
Evaluate (13 + -53 + 16 - -42) + -8.
10
Evaluate (-38 + 31 - -20) + -52 + -17.
-56
What is the value of (-840 - -828) + (-1 + 3 - -10) + 1 + -2?
-1
What is the value of -216 + 24 - (-109 + 23)?
-106
Calculate -47 - 1 - (17 + -29 + 31 + -21).
-46
Evaluate (26 - 6) + (-21 - 13 - 8) - -135.
113
What is the value of (8 - ((5 - 2) + (7 - -8))) + (60 - 1)?
49
(63 - -3) + -15 + 20
71
What is 1 - (40 + 1 + -46 - (-4 + 1) - 1)?
4
What is 70 - (-4 + (-11 - -9) + (7 - -6))?
63
Evaluate (-3734 + 3621 - (0 - (-2 + 20))) + -18.
-113
-4 + 7 - 39 - (-4 + 3 + 0 - -3)
-38
Calculate (-7 + 4 - -12) + -22 + 38 + -2 + -2.
21
Calculate 42 + 59 + -37 + -96.
-32
What is -33 - (-40 - -11) - (0 + -3 + 1)?
-2
What is the value of -15 - (-88 + (0 - 18)) - (-2 - (2 - 4))?
91
Calculate (-64 - (-34 - 41)) + 26.
37
-76 + (161 + -179 - (0 + 13))
-107
Calculate -84 - (-106 + -9 - -70).
-39
Calculate 84 - (4 - (1 + 19 - (71 - 69))).
98
Evaluate -15 + -45 + 24 + -26 + 44.
-18
What is the value of 1 + (9 - (18 + -23 - (-11 - 1))) - 23?
-20
Calculate -6 - 56 - (16 + 14 + -23).
-69
20 + (-22 + (-34 - -56) - (-6 + (1 - -2)))
23
What is the value of 110 - (92 - -70) - 0?
-52
Calculate (-16 - -26 - 13 - (15 + -2)) + -57.
-73
Evaluate -23 - (-60 + (137 - 44)).
-56
What is 8 + (-2 - 8 - (-4 - (7 + -18)))?
-9
What is 0 + (0 + 3 - (-8 - -7 - -1 - -10))?
-7
What is 3 - -33 - (211 + -177) - -82?
84
Calculate 23 - (-18 + 43 + -37).
35
What is the value of 36 - (15 - (19 + -35))?
5
What is -10 + 19 + (-20 - (-20 + 19)) - 86?
-96
What is the value of 50 - 142 - -50 - -14 - -6?
-22
3 + -3 - -17 - (-222 - -239)
0
What is 39 - (-28 - ((-1 - 27) + -15))?
24
31 + 19 - (-70 - -212)
-92
Evaluate (65 - 80) + (16 - 0 - -105).
106
(-3 - (-13 - -6 - 4)) + (36 - 29)
15
What is 3 + -3 + -6 - (-28 - (2 - 13 - -7))?
18
Calculate 45 - (33 - 84) - (-6 + 27).
75
0 + -3 - (6 - (9 + 47 + 13))
60
-884 - -858 - (-1 + -40)
15
Calculate 14 + 0 - (5296 - 5305).
23
Calculate -1 + -23 - (77 + -118 - -37).
-20
Evaluate 36 - ((2 - (-6 - -3 - -5)) + 0).
36
Evaluate (1 - 3) + (11 - (0 + -5)) - (465 - 458).
7
What is (46 - (53 - -28)) + -31?
-66
What is -22 + 12 + 22 + -20 - -74?
66
Calculate -8 + (2 - (2 - 24)) + 38.
54
What is 4558 - 4504 - (-5 + 14 - -6)?
39
Evaluate 7 - (-2 + (-10 - 3) + -108 + 96).
34
What is the value of -1723 + 1726 - (-33 + 4)?
32
-32 - (-18 - -1 - (-29 + -27 - -44))
-27
What is the value of (-1 - -79) + -120 + (13 - 1)?
-30
Evaluate 15 + -4 - (57 + 9 + -121).
66
What is the value of 37 - ((-17 - -2) + 27)?
25
What is -63 - (-13 + -46 + -6)?
2
Calculate 6 + (2 - 11 - (11 + -40) - 0) + -4.
22
What is 31 - (-144 + 155 + (1 - (4 - (1 + -4))))?
26
What is 0 + -5 + -10 + -8 + -8 + -1 + -1?
-